e 8 + 9 - 69 - -31.
-21
What is 8 - (3 - (-2 + -18 - -3))?
-12
What is the value of -62 + (-120 + 119 - (12 + -1) - (-1 + 2))?
-75
Evaluate 3 + 17 - (-7 + 48 + -11 + -92).
82
16 + (16 - -12) + -20 - 83
-59
27 - (11 - -8) - (32 - 3)
-21
(0 - (3 - 1)) + -1 - (109 + -223 + 73)
38
Calculate 7 + -60 - (-20 - -46 - 14).
-65
What is the value of 0 + -4 + (0 - -3 - (120 + -77))?
-44
What is the value of -3 + -2 - (-18 - 43) - (21 - (-3 + 19))?
51
What is the value of 73 + (-111 - (-3 - 52))?
17
What is 32 - (62 + -55) - 41?
-16
What is the value of 27 + -4 - ((58 - 65) + 35)?
-5
What is -20 + 49 + -2 + 23 + -26?
24
30 - (-2 - (6 + -33)) - 53
-48
Calculate -5 - -6 - (2 - (47 + 6) - 12).
64
Evaluate -104 + (26 - (9 + -67 + 51 + (1 - -18))).
-90
What is the value of -96 - -2 - ((10 - (29 + -59)) + -32)?
-102
10 + (-1 - -4 - 7) + 6 - (469 - 513)
56
What is the value of -33 + 25 + 16 - (6 + -15)?
17
5 + (6 + 3 - 12) - (-37 - -28)
11
Evaluate -505 + 452 + 111 + 0.
58
What is (17 - (33 - (18 - (16 - 13)))) + 18?
17
What is the value of (3 - (-11 + 15 + -3)) + -9 - (-26 - -9)?
10
What is the value of -9 + 14 + 0 + -6 + (-180 - -185) - 59?
-55
Calculate (35 - (9 + -18)) + (-5 + -3 - -4 - 4).
36
Calculate -100 + 134 + -3 + (1 - 5).
27
3 - 108 - (45 + -166)
16
Evaluate -8 + (-2 - ((-14 + -15 - -12) + (4 - 0))).
3
Evaluate (1 - 12) + (-90 - -46 - -107).
52
Calculate -3 + (378 - 383 - ((-2 - -3) + -53)).
44
What is 3 + -14 - ((-4 - (-1 - 5)) + 44) - 7?
-64
Calculate 5 + -15 - (-2 - 1) - -44.
37
What is the value of -121 - (31 - -60 - 152)?
-60
What is 141 - 148 - (1 + -24 + 33 + (-1 - -5))?
-21
What is 47 + 8 + -3 + 5 + (-14 - -11)?
54
What is 20 - (-18 + (87 - 17))?
-32
Calculate 16 + -64 + -24 + 25.
-47
What is 14 + -13 + 22 - (19 + -17)?
21
Calculate 2739 + -2796 - (0 + -58).
1
-44 - ((-2 - 4) + 392 + -569)
139
Evaluate 5 - -1 - 1 - ((57 - 4) + 88 + -81).
-55
0 - 0 - (-32 + 15 - -24)
-7
-14 + (10 + -20 - (-4 + 4) - -7)
-17
19 + (-64 - -46 - 37)
-36
Calculate 5 - (3 - 3 - 41) - (42 - 55).
59
(0 - 7) + (-15 - -62) + 15
55
What is the value of 24 + -82 + (46 - 10)?
-22
1 - 1 - -14 - ((-20 + 9 - 19) + 17)
27
Evaluate -2 + -3 + 2 + -31 + 56 + 7 + -7.
22
What is the value of 45 - 43 - 49 - -13?
-34
Evaluate (-28 - (50 + -22) - -23) + 57.
24
(21 - (1 - 3)) + 65 + -57
31
What is the value of (31 - (16 + -52)) + -23?
44
Evaluate 55 + (36 - 0 - (578 + -571)).
84
What is -798 + 768 - (-7 - -3)?
-26
What is 14 - (8 + (-13 + 2 - (18 + 9)))?
44
Evaluate (-22 - (-10 - -13) - (-40 + 22)) + 46.
39
What is the value of 0 - (-13 - (3 + -3 + -19))?
-6
98 + -3 - (623 + -531)
3
What is the value of (-52 - 1) + (-2518 - -2528)?
-43
Evaluate 109 + (-53 - (-74 + 71)).
59
What is 52 - (-80 - -93) - -29?
68
What is -47 + -7 + (27 + -6 - 7)?
-40
What is -40 + (45 - 12 - 39)?
-46
What is (8 - (12 + (-5 - -8))) + (45 - (-14 - -9))?
43
What is 2 + -96 - ((-278 - -256) + (11 - -4))?
-87
What is (-211 - -187) + 23 + (-4 - 5)?
-10
What is (-109 + 11 - (-16 + 4 + 4 - 2)) + -11?
-99
2 + 8 + -14 + (-18 + 29 - -7)
14
What is 0 + 7 + -12 + -14 + 15 + 55?
51
100 + (155 + -73 - 88)
94
What is 14 + -17 + -6 + (3 - 1)?
-7
What is -40 + 63 + 12 + -21 - -5?
19
What is the value of 2 + -11 + 0 - (1494 + -1518) - -26?
41
What is 76 + 59 + -118 + -17?
0
(26 - (-108 - -62)) + 31
103
Evaluate 4 - -1 - (-19 + 1 - (103 + -124)).
2
Evaluate 10 + 8 + (-52 - -33) - (-8 - 0).
7
Evaluate (63 - 29 - (150 + -15)) + 35.
-66
Evaluate -1 - 37 - (-130 + 82).
10
(6 - 3) + 24 + 68 + -67
28
What is (-96 - -109) + -132 + 58?
-61
Calculate 29 + -50 - -14 - -37.
30
What is the value of -7 + 1 + 1 + -1 + 164 + -42 + -83?
33
14 - ((-24 + -19 - -42) + (-19 - 1))
35
29 + 1 + 9475 + -9521
-16
What is 8 + (8 - (5 + -2) - 21) - (-9 - 9)?
10
Calculate -72 + -32 + 56 + 33.
-15
-21 + (54 - 23) + (-31 - -14) + 1 + 59
53
12 + (4 - (-7 + -8)) + 41 + -126
-54
What is (13 - 0 - -4) + 13 + -53?
-23
What is the value of -20 + 7 + -22 + 26 + 26?
17
Calculate 17 - 29 - (105 - 83).
-34
-66 - (18 - 40 - -40 - 38)
-46
Calculate (-54 - -47) + 20 + (9 - 2).
20
What is -1 - (23 + (-19 - 22 - -13) - (-1 - -2))?
5
What is (78 - 83 - -75) + 32?
102
What is the value of -99 + (6 - (-7 + -7 + (-2 - -7) + 4))?
-88
Evaluate -24 + (50 - (-36 + 41)).
21
Evaluate 50 + -1 - (100 + -16 + -75).
40
What is 13 + (16 + -18 + -8 - (-15 + 1))?
17
-1 + -6 + (-5 - (-5 + 11) - -11) - -40
33
What is the value of (2 - (9 + 0)) + 150 + (96 - 163)?
76
-7 + (-108 - (0 + -6 + (-188 - -182)))
-103
Evaluate -44 - (-60 + 53 + -51).
14
-12 + -40 + (70 - 61)
-43
174 + -110 + -38 - 109
-83
Calculate ((152 - -16) + -38 - 17) + -41.
72
Evaluate 28 + (987 - 1007) + 33 + 1.
42
Calculate 4 + (24 + -10 - 32) + 65 + -16.
35
Calculate (245 - 256 - (2 - 19)) + 32.
38
Evaluate (-5 - 0 - (-7 + 20 + -9 - -2)) + -4.
-15
What is 136 - (60 - (41 + -54))?
63
What is the value of -4 + (0 - -27) + -73 + -26?
-76
109 - (17 - (-11 - -9) - 16)
106
Evaluate -155 + 300 + -60 + -36.
49
Calculate 9 + -1 - ((-38 - 45) + 57).
34
(0 - 1) + 105 - (-187 - (-197 + -7))
87
Evaluate 19 - 35 - (24 - (-3 + 6)).
-37
What is the value of -755 + 350 + 398 + (-1 - (2 + -90))?
80
Calculate -187 + (-239 + 77 - -255).
-94
What is (-13 - 1 - (-233 - -243)) + 18 - (-1 + -56)?
51
Calculate 435 + -469 - (2 + -12).
-24
What is 40 + -1 - (-26 + (-19 + 20 - -33 - 18))?
49
Calculate 24 - ((7 + -26 + -5 - -12) + 173).
-137
Calculate (-22 - 1) + -2 - (-42 + (-114 - -155)).
-24
What is 11 - (-52 + 102 + -46)?
7
Evaluate (30 - (-8 + 36)) + 47 + -7.
42
Calculate -9 - (-6 - ((-18 - -2) + 5 + 87) - -9).
64
Calculate 45 - (50 - (13 + -24)).
-16
Calculate 117 + (3 - -5 - (11 + 1 - -9)) + -11.
93
Calculate 29 + -7 + 42 + -61.
3
Calculate 4 + 20 - (-17 + 7 + (-6 - -7)).
33
What is the value of -2242 - -2244 - (-30 - -1)?
31
What is the value of 25 - (24 + (-66 - -25) - -31)?
11
What is the value of -61 - (-6 + -29 + -13 + 54)?
-67
Calculate (1 - 5 - (17 - 23) - 3) + -14 + -65.
-80
Evaluate (251 - 250 - 44) + -14 + 1 + 1.
-55
Evaluate -2 + -7 - (-1135 + 1165).
-39
What is the value of (4827 - 4717) + -1 + -89?
20
What is 3 + 23 + -37 - (-11 - -32)?
-32
Calculate -47 - (1 + 3 + -25 + 3).
-29
29 + 24 - 56 - -52
49
(8 + 3 + -7 - (222 - 238)) + 46
66
Evaluate -16 + 68 - (79 - 4).
-23
Evaluate -71 + -7 - (1 - (22 - 18)).
-75
What is (6 - -11 - (-61 - -41)) + 58?
95
What is the value of (7 + 0 - -1) + 75 + (30 - 59) + 2?
56
Calculate -21 + 14 + (-21 - (-10 + -6 + 9)).
-21
What is the value of 2 - 7 - (-69 + -58) - (90 - 71)?
103
Calculate (2 + 76 - 20) + 43 - 44.
57
Calculate (-30 - -1) + (0 - -27) + -8.
-10
What is the value of 670 - 661 - (112 + 2 - (8 - 5) - 6)?
-96
Calculate 4 + -5 + -25 - (4 - -5).
-35
Evaluate -29 + -8 + 23 - ((-2 - 76) + -7).
71
Evaluate 5 - 14 - (-50 + 70).
-29
Evaluate -82 + -66 + 92 - -10.
-46
Calculate -10 + 11 + (889 - 958).
-68
What is 12 - (22 - 29 - 12 - (0 - -50))?
81
What is (-8 + 56 - 45 - (-5 - -3 - 1)) + 30?
36
Evaluate (2 - 0) + 6 - (-97 + 516 + -303).
-108
What is (10 - (90 + 22)) + (-113 - -118)?
-97
Calculate 51 + 64 + -46 + -133.
-64
Calculate (8 - 14) + (-1 + 6 - (-59 + 1) - 5).
52
What is the value of (-39 - -73 - 7) + 1?
28
What is 7 - (-13 - (-22 + 12) - -15)?
-5
Calculate 30 + (-127 - -148 - (81 - 3)).
-27
Evaluate 874 + -867 + (127 - 7).
127
Calculate 30 + -4 + 13 - (125 - 215).
129
What is the value of -57 - 0 - (1 - 10 - (-89 + 74) - 3)?
-60
What is -14 + (10 - -9) + 4 + 5 + 2 + 74?
90
-45 - (13 + -35) - -17
-6
Calculate 783 + -715 + 7 + 1 + -6 + -7 + 3.
66
Calculate -10 + (7 - 2 - -6) + -14 + 6.
-7
Calculate 10547 + -10574 + (14 - (1 - 2)).
-12
What is 23 - -23 - -34 - 78?
2
What is (-44 - ((9 - 44) + 16)) + 10?
-15
What is the value of -8 + (11 + 4 - ((-12 - -8) + 5))?
6
Evaluate 2 - ((5 - 26 - -17) + -45).
51
(29 - (42 - 29)) + -25 - 6
-15
(-2 - -1) + (101 - 254 - -168)
14
What is -18 - (10 + -23 + 3) - -95 - (8 + 0)?
79
7 - ((9 - 79) + 79 - (-88 + -2 - -1))
-91
-18 - (2 + -1 + (-21 - (-17 + -57)))
-72
8 + -20 + 3 + 12 + -6 + -1 + 21
17
What is the value of -5 - (-5 - (14 + -2 + (10 - (-18 - 6))))?
46
Calculate -14 + 62 - (2 + (31 + -20 - (0 + 1))).
36
Calculate 1 + -5 - (43 + -15 - 21).
-11
What is (-4 + -2 - -13 - -1) + (-5 - 6) - 138?
-141
Evaluate 12 - ((-49 - -16) + 45).
0
Evaluate 3 + (-6 